ppose -83*d = -207*d - 830 - 410. Let k(n) = -n**2 - 11*n + 13. What is k(d)?
23
Let z = -7952 + 7945. Let h(i) = -2*i**2 - 4*i - 17. Determine h(z).
-87
Let b be (-2 + 1)/((-20)/8 + 2). Let q(z) = -2*z**2 + 1 - 7*z + 0 + 3*z**b + 4. Let f = -8 - -15. Give q(f).
5
Let d = -49 + 51. Let v be (d - 13) + 1 + -8 + 9. Let c(w) be the first derivative of w**4/4 + 10*w**3/3 + 7*w**2/2 - 13*w - 1. Give c(v).
5
Let i(l) be the first derivative of 3/2*l**2 - 5 - 2*l - 1/3*l**3 + l**4. Let f(x) = 7*x**3 - 2*x**2 + 6*x - 4. Let t(o) = -3*f(o) + 5*i(o). Determine t(2).
-8
Let p(n) = n**2 - 2*n - 2 + 0 + 0. Suppose -84*c - 48 = -87*c. Suppose 12 - c = -m. Determine p(m).
6
Suppose -1922 + 22 = -4*a + 3*v, 4*a - 4*v = 1900. Let b = 483 - a. Let q(z) = -z**3 + 7*z**2 + 7*z + 6. What is q(b)?
-2
Let d = 254 + -252. Suppose -8*l - 10 = -5*o - 3*l, -8 = d*o + 4*l. Let k(n) = n - 4. Give k(o).
-4
Let q(t) = -3*t**3 - 8*t**2 - 10*t + 7. Let v(j) = 7*j**3 + 16*j**2 - 3054 + 1511 + 1528 + 21*j. Let s(z) = 5*q(z) + 2*v(z). What is s(-7)?
12
Let z(i) = -3*i**2 - i + 4. Suppose 104*y = 29*y - 11*y + 172. Calculate z(y).
-10
Let j(s) be the second derivative of s**3/2 - 10*s**2 + 2866*s. Give j(6).
-2
Let s(n) = -15*n - 221. Let l be -2 + (-88)/7 + 3/(-7). Let q be s(l). Let i(g) = -g**2 + g + 5. What is i(q)?
-7
Let q(g) = 8*g**3 + 2*g**2 - g - 1. Let l = -540 + 52. Let r = 489 + l. Give q(r).
8
Let i(v) = 5*v + 129. Let c be i(-26). Let t(m) = -3*m**2 + 2*m + 2. Give t(c).
-3
Let w(p) = p**3 + 5*p**2 + 4. Suppose -19*q - 30 = -9*q. Let x be ((-6)/(-9) + 1)*q. Calculate w(x).
4
Let a(k) = -15*k - 7815 - 7986 + 23556 - 7931. Give a(-12).
4
Let h(v) = -28*v - 2. Let k(n) = 41*n + 3. Let x(d) = -7*h(d) - 5*k(d). Let t(q) = -38*q - 5. Let a(g) = 2*t(g) - 9*x(g). Give a(-1).
-6
Let k(q) be the second derivative of -q**3/6 + q**2/2 + q. Let a(x) = x**3 + 19*x**2 - 254*x - 58. Let n be a(-28). Give k(n).
3
Let b(j) be the third derivative of j**6/360 + 3*j**5/40 + j**4/8 - 19*j**3 - 11*j**2 - 3. Let u(s) be the first derivative of b(s). Give u(-8).
-5
Let a(m) = -3*m**3 + 19*m**2 - 24*m + 17. Suppose 25934*p - 25941*p = -35. Calculate a(p).
-3
Let n(b) = 2*b - 23. Suppose 40*w - 20*w - 7440 = 0. Let p = w - 359. Calculate n(p).
3
Suppose 3*y + 3 = 0, 5*k - 3*k - 117 = -y. Let s = 66 - k. Let q(i) = i**2 - 8*i - 1. Calculate q(s).
-8
Let r(l) = -2*l + 4 - l**2 + 4*l - 5*l. Suppose 6*q - q = 0. Suppose q = 8*v - 10 + 42. Calculate r(v).
0
Let i(h) be the first derivative of -15*h**2/2 + 246*h + 3624. What is i(16)?
6
Let j(l) be the second derivative of l**3/3 - l**2 + l. Let c = 775 + -777. Give j(c).
-6
Let j be (-12)/(-18) + 1/(-2). Let l(k) be the third derivative of 0 + 0*k + 1/8*k**4 + j*k**3 - 13*k**2. What is l(-4)?
-11
Suppose -3*g - 334 - 34 = 4*r, 3*r - 652 = 5*g. Let h = g + 121. Let b(d) = 5*d + 1. Calculate b(h).
-34
Let p(i) = -i**3 + 2*i**2 + 12*i. Let s be (-4 - (-6 - 0))*(4 - 5). Calculate p(s).
-8
Let v(c) be the third derivative of -c**5/30 - c**4/3 + 11*c**3/6 - 23*c**2 - 2. Let z(g) = 2*g**2 + 8*g - 12. Let u(s) = 4*v(s) + 3*z(s). What is u(-5)?
-2
Let r be 11 - ((-4 - -1) + -3 + 6). Let y(j) = -r*j + 13*j - 5634 + 5631. What is y(2)?
1
Let n(g) be the second derivative of 28*g**3/3 + 169*g**2 - 263*g. Let h be n(-6). Let a(i) = -2*i**3 + 3*i**2 + i - 2. Determine a(h).
-4
Let q(f) = -13*f**2 + 11*f - 24. Let b(w) = -3*w**2 + 3*w - 6. Suppose 0 = 2*h + 11 - 29. Let j(a) = h*b(a) - 2*q(a). Suppose 12 = -9*r + 11*r. Calculate j(r).
-12
Let d(o) be the first derivative of 0*o**2 - 11/3*o**3 - 48 + 2*o. Determine d(-2).
-42
Let y(x) = x**3 - 5*x**2 + 3*x - 3. Let t be 46*1629/(-90) + (-6)/(-10). Let k be (-4)/(-14) + (t/(-56))/4. What is y(k)?
-7
Let z = 116 + -113. Let f(c) = 20*c - 15. Let s(u) = 5*u - 3. Let p(a) = -2*f(a) + 9*s(a). What is p(z)?
18
Let k(n) = 60*n + 2397. Let c be k(-40). Let a(p) = p**2 - 7*p - 25. What is a(c)?
5
Let f(s) = -2*s**2 - 1 + 14*s + 8*s + 18*s + 6*s. Calculate f(23).
-1
Let s(a) = -10*a**2 + 27*a - 5. Let j(k) = 2*k**2 - 6*k + 1. Let g(t) = -4*j(t) - s(t). Let y = 36 - 34. Calculate g(y).
3
Let p(w) = 17*w + 31. Let z(o) = -32*o - 63. Let i(l) = -7*p(l) - 4*z(l). Let q be i(-5). Let j(x) = x**2 + 8*x - 6. Determine j(q).
14
Let l be (2871/231)/(6/(-4)) - (-52)/182. Let u(k) = 4*k**2 + 6*k - 5 - k**2 - 2*k**2. Give u(l).
11
Let v(i) = 10 + 2*i**3 + 6*i**3 - 4*i + 7*i**2 - 9*i**3 + 2*i**3. Suppose 13*q + 9*q = q - 168. Give v(q).
-22
Let h(y) = -2*y**2 - 8*y - 11. Let o = 144 - 145. Let n(s) = -s - 1. Let b(u) = o*h(u) + 5*n(u). Determine b(-5).
41
Let l = 225 + -223. Let p be 2 + l/(-5) + (-24)/40. Let v(r) = 2*r + 2. What is v(p)?
4
Let p(r) = 10*r**2 - 62*r. Let c(u) = -9*u**2 + 56*u. Let m(n) = -11*c(n) - 10*p(n). What is m(3)?
3
Let j(h) be the first derivative of -2*h**3/3 + 4*h**2 - 3*h - 16. Let z be -1*(-9)/(-6)*-4. Give j(z).
-27
Let f(x) be the first derivative of x**3/3 + 3*x**2/2 - x - 1. Let l(j) = 3*j**3 - 125*j**2 + 296*j - 8782. Let i be l(41). What is f(i)?
39
Let g(s) = 22*s + 230. Let f(u) = 331*u - 1995. Let r be f(6). Determine g(r).
32
Let z = 258 + -279. Let d(m) = -m - 2*m - m - 39 + 2*m. Let s be d(z). Let u(a) = a**2 - 3*a + 1. What is u(s)?
1
Let r(j) = j - 1. Let y(b) = -146*b**2 + 4*b - 8 + 3 + 138*b**2. Let h = 6 - 5. Let d(t) = h*y(t) - 6*r(t). Give d(1).
-9
Suppose 5*q - 555 = -11*q + q. Let w(h) = -h**3 + 37*h**2 + 6*h - 216. Calculate w(q).
6
Suppose -5*p - 2*z = -31, z - 10 = -4*p + 10. Let v(k) = k**2 - 4*k + 3. Give v(p).
0
Suppose -3*a = -3*v - 9, -6*a + 2 = -7*a. Let q(r) = -8*r - 9. Determine q(v).
31
Let f be (((-120)/18)/(-10))/(6/18). Let v(k) = -3*k**3 + 18*k**2 - 33*k + 1. Determine v(f).
-17
Let s(b) be the third derivative of 7*b**4/8 - 35*b**3/2 - 5586*b**2. Calculate s(5).
0
Let c be (-1)/((5 - (-39)/(-6))/(-3)). Let q(v) = -2*v**3 + 2*v. Calculate q(c).
12
Let b(a) be the first derivative of -44 + 1/2*a**2 - 10*a. Let l be b(4). Let f(w) = w + 3. What is f(l)?
-3
Let x(f) = 13*f**2 + 31*f - 13. Let n(z) = -11*z**2 - 26*z + 16. Let a(l) = 6*n(l) + 5*x(l). What is a(-6)?
1
Let q be (2/(-4)*-3)/(36/72). Let i(m) = m**2 - 5*m + 4*m**q + 0*m + 4*m - 3*m**2. Determine i(-1).
-5
Let a be -4*((-22)/(-4) + -2). Let y = a + 10. Let m = -1 - y. Let l(g) = -g**2 - g - 1. Determine l(m).
-13
Let l(c) = 3*c + 6. Let i(o) = o**3 - 20*o**2 - 42*o - 50. Let a = -194 - -216. Let m be i(a). Determine l(m).
-12
Let c(x) = -x**3 + 16*x**2 + 17*x + 37. Suppose 114*j - 117*j - 3*z = -63, -93 = -5*j - 2*z. Determine c(j).
37
Let b(v) = 243*v + 184. Let d(k) = -141*k - 91. Let g(m) = 3*b(m) + 5*d(m). Give g(-5).
-23
Let o(j) be the first derivative of j**2/2 - 21*j - 24418. Let u(a) = -a**2 - 6*a. Let p be u(-6). Calculate o(p).
-21
Let s(j) = 37*j**2 + 16*j - 23. Let n(f) = 17*f**2 + 8*f - 12. Let v(t) = 13*n(t) - 6*s(t). Calculate v(8).
-18
Suppose -j - 2*s - 9 = -16, 5*j - 2*s - 11 = 0. Let u(l) = 3*l - 1 + 11 - 3 - 7 - j. Determine u(-3).
-12
Let z(o) be the third derivative of -o**7/1260 - o**6/120 + o**5/15 + o**4/12 - o**2 - 2*o. Let n(k) be the third derivative of z(k). What is n(-4)?
10
Let h(q) = 8*q**2 - 1. Let z(n) = -42*n**2 - 12*n - 5. Let t(b) = 5*h(b) + z(b). What is t(-6)?
-10
Let s = 209 - 278. Let t = -73 - s. Let o(p) = -p**2 - p + 1. What is o(t)?
-11
Let k(v) be the first derivative of v**4/4 - 10*v**3/3 + 11*v**2/2 - 19*v + 431. Determine k(9).
-1
Let i(d) = -7*d**2 + 16*d**2 - 2*d**2 - 2*d - 6*d**2 + 6 - 4*d. Let o(m) = -3*m**3 + 2*m. Let s be o(-2). Suppose 5*v = -s + 50. Give i(v).
6
Let r(i) = i**3 - 25*i**2 - 117*i + 34. Let u be r(29). Let o(l) = 35*l - 21*l + 12 - 20*l. What is o(u)?
-18
Let z(d) = -d**2 - 5*d + 3. Let h be ((-42)/(-24))/(4 - (63/12 + -1)). Determine z(h).
-11
Let b(i) = 4*i + 44 + 1 + 2*i - 16 + 24. Let w be b(-7). Let m(s) = -2*s + 20. What is m(w)?
-2
Let s(o) = -o**2 + 6*o + 61. Let v = -17635 - -17628. Calculate s(v).
-30
Suppose -23 = -d - 16. Suppose -d*j = 18 + 17. Let g be (176/(-110))/(2/j). Let m(w) = w**2 - 6*w + 3. Give m(g).
-5
Let x(k) = k + 16. Let h be ((-148)/(-6))/(-1)*(-45)/30. Suppose 0 = -5*j - 0*j + 3*y - 87, -2*j - h = y. What is x(j)?
-2
Let t = -121 - -124. Let u(v) = 1 + 637*v**3 - 320*v**3 - 2*v**2 - 322*v**t. Give u(-1).
4